 - 3*z + 6 + 3. Let t be ((-4)/y)/((-3)/348). Suppose t = -5*g + 538. What is the units digit of g?
6
Let m = -610 + 617. What is the units digit of 12/(-42) + 1129/m?
1
Suppose 47*a - 24193 = 46*a + 5*m, a - 24163 = -5*m. What is the hundreds digit of a?
1
Let v = -645 + 1594. Let k = v - 637. Suppose 3*f = -9, 3*z - 3*f - k = -5*f. What is the units digit of z?
6
Let h = 5615 - 5594. Let v be (-1 - -2 - 0) + -1. Suppose v = 19*y - h*y + 62. What is the units digit of y?
1
Let w = -129 + -177. Let b = w - -445. What is the tens digit of b?
3
Suppose 5 = l + 2*b, 5*l - 40*b = -38*b + 97. Let d(x) = 26*x - 19 - 10*x**2 - 10 - 8*x**2 + x**3. What is the units digit of d(l)?
4
Suppose -677105 = -17*r + 4*r. What is the hundreds digit of (-40)/90 - r/(-45)?
1
Suppose -22*q + 12 = -18*q. Suppose q*b + 5*m = 1970 + 1074, 5*m = b - 988. What is the units digit of b?
8
Suppose 3*z = 6*z - 126. Let t = 44 - z. Suppose 7*o - t*o = 790. What is the tens digit of o?
5
Let q be 16/(-40) - 8784/15. What is the units digit of -7 - 24/(-4) - q?
5
Let v be (-4 - 3*(-2)/3) + -5. Let a(c) be the first derivative of -c**2 + 17*c + 1. What is the units digit of a(v)?
1
Let w(m) = 22 + m**3 + 2*m - 10 - 12*m**2 - 18*m. Let p be w(13). What is the units digit of (p/(-6) - 5)/((-1)/342)?
1
Let d = -11785 - -20183. What is the units digit of d?
8
Let n(s) = -5*s - 2. Let q(h) = -15*h - 6. Let p(c) = -11*n(c) + 4*q(c). Let x be p(-10). Suppose -x = -6*g - 12. What is the units digit of g?
6
Let v(t) = -38*t**2 - 34*t - 8. Let y be v(-8). Let z = 3257 + y. What is the units digit of z?
9
Let a = 89 - 91. Let u be -4 + 60/(-3 - a). What is the tens digit of 5*-13*u/20?
0
Let a = -81 - -70. Let y(i) = i**2 + 10*i - 12. Let n be y(a). Let f = n + 220. What is the tens digit of f?
1
Suppose 3*t = 159 + 57. Let d = t + 446. What is the units digit of d?
8
Suppose 7*p + 1774 = 5561. Let r = p + 197. What is the tens digit of r?
3
Suppose -342*u - 2*a = -339*u - 26061, u = -a + 8689. What is the tens digit of u?
8
Let h = -814 + 1430. Suppose -o = 3*o - h. Suppose n - 4*k = 70, o = -5*n - 3*k + 435. What is the tens digit of n?
5
Suppose -20*i = -22*i + 30. Let q be 12/(-9) - -2 - (-110)/i. Suppose -2*z + 216 = -q. What is the hundreds digit of z?
1
Let k = 11898 + -3850. What is the units digit of k?
8
Let f = -55 - -80. Suppose -f*w + 9*w = -1600. Suppose 3*l - w = l. What is the tens digit of l?
5
Suppose -4*j = 80*f - 77*f - 87543, 24 = -4*j. What is the thousands digit of f?
9
Let n be (-1)/2*0*7/35. Suppose n*f - 682 = -11*f. What is the tens digit of f?
6
Let p be (-52)/39*(-6)/4. Suppose -2*a = -8, a - 9 = p*k + 21. Let x(q) = -q**3 - 12*q**2 - 4*q + 2. What is the hundreds digit of x(k)?
2
Let y = -3304 + 3921. What is the tens digit of y?
1
Let h(t) = 557*t + 437. What is the thousands digit of h(18)?
0
Let x(z) = 30*z**2 + 6*z - 5. Let d be x(2). Suppose a + 4*h = 80, -d = -2*a - h + 19. Let u = a - 49. What is the tens digit of u?
2
Suppose -62071 = 80*w - 154029 - 71482. What is the thousands digit of w?
2
Let h = -411 - -10282. What is the units digit of h?
1
Let o(y) = y**3 - 50*y**2 - 50*y + 110. Let c be o(52). Let d = c + -1419. What is the thousands digit of d?
1
Let s be (2/(-5))/(2/(-40)). What is the tens digit of (-48)/(-12)*346/s?
7
Let z(g) = -69*g**3 + 2*g**2 - 1. Suppose -v + 9 - 5 = 0. Let b(w) = 68*w**3 - 2*w**2 + 1. Let y(i) = v*z(i) + 3*b(i). What is the units digit of y(-1)?
3
Suppose 12512 = 5*s + 4*t, -2*s + 1782 = 2*t - 3222. What is the thousands digit of s?
2
Let q(n) = n**3 + 27*n**2 + 2*n - 7. Let a be q(-27). Let b = 71 + a. What is the units digit of (0 + b)*8/(-24)*-24?
0
Suppose 6*b = 4*b - 758. Suppose 7*k + 4*z - 2760 = 2*k, z = 5. Let i = k + b. What is the tens digit of i?
6
Suppose 100 = -2*u + 102, 4*p - 18619 = -3*u. What is the units digit of p?
4
What is the thousands digit of (-5729492)/(-276) - (-82)/(-2829)?
0
Suppose -2*l = -4*t - 18, -2*l - 2*l + 22 = -t. Suppose -l*d + 0 = 2*s + 5, -5*s + 3*d = -3. Suppose -o + 36 + 35 = s. What is the units digit of o?
1
Let m = 6 - 3. Suppose -10*l + 8*l + 3*p + 479 = 0, -4*l - 2*p + 966 = 0. Suppose -i + 570 = 6*o - o, -m*i + l = 2*o. What is the units digit of o?
3
Let t(l) = l**3 - l**2 + 2*l - 1671. Let r be t(0). Let k = -783 - r. What is the tens digit of k?
8
What is the ten thousands digit of 412367/17 + 620/5270?
2
Let h = -43 + 48. Suppose 0*b + 2*v + 26 = h*b, -4*b + 7 = 3*v. Suppose -4*l = -l - 15, 3*x + b*l - 266 = 0. What is the units digit of x?
2
Let m(g) = 206*g**2 - 5*g + 2. Let p be m(-6). Suppose 179*i = 165*i + p. What is the tens digit of i?
3
Suppose -u - 7*p + 30 = -3*p, -5*p - 107 = -3*u. Suppose u*r - f = 29*r + 630, r - 2*f = 117. What is the tens digit of r?
2
Suppose -328*t = -327*t - 2. Suppose -149 + 783 = t*d. What is the tens digit of d?
1
Suppose 0 = 48*n - 545526 - 101946. What is the ten thousands digit of n?
1
Suppose 3*o - 2*t - 14 = 0, 0 = o - 0*o + 3*t + 10. Suppose o*u + u = 21. Suppose -u*d = -197 - 34. What is the units digit of d?
3
Suppose -5*p + 1386 = 5486. Let a = p + 1407. What is the units digit of a?
7
Let n(x) = x**3 - 9*x**2 - 1. Let t be n(9). Let l(w) = -2*w**3 - w - 1. Let y be l(t). Suppose -y*h = -3*h + 99. What is the tens digit of h?
9
Let i(p) be the third derivative of 5*p**5/4 + p**4/3 - p**3 - p**2 + 31. What is the hundreds digit of i(-4)?
1
Suppose -9*r + 5*r - 1348 = 0. Let x = 623 + r. What is the units digit of x?
6
Let f be (-30)/(-80)*1*8. Suppose f*n + n - 24 = 0. Let q(c) = 5*c**2 + 2*c - 26. What is the units digit of q(n)?
6
Suppose 155 = -12*n - 61. What is the tens digit of 12/n - (0 - (-2098)/(-6))?
4
Let l(w) = 9*w - 44. Let b be l(7). Let z(k) = -3*k**2 - 15*k + 2*k**2 - 2 + 78*k**3 + b*k. What is the units digit of z(1)?
9
Suppose 113 = 4*o + b, -o + 18 = 2*b - 12. Let u(m) = -m**3 - 8*m**2 + 26. Let v be u(-8). Suppose 0 = v*f - o*f + 172. What is the tens digit of f?
8
Let k = -7602 - -9781. What is the units digit of k?
9
Suppose -2*n + 7 + 3 = 3*j, -10 = -5*j - 5*n. Let k be (-2)/j*(-13 - 20). Suppose 3*r - 1008 = -k*r. What is the units digit of r?
2
Suppose -2*n + 30448 = -4*i, 45668 = n + 2*n - 5*i. What is the hundreds digit of n?
2
Suppose 3*t - 3*u = 4*t - 31, -2*u - 104 = -3*t. Let c = 120 - t. What is the units digit of c?
6
Suppose 79*a + 3*a - 2762848 = -106*a. What is the hundreds digit of a?
6
Let p(m) = m**3 + 12*m**2 - 11*m + 16. Let q be p(-9). What is the hundreds digit of q*2*7/28?
1
Suppose -241*t + 8212799 + 3107676 = 124*t. What is the units digit of t?
5
Let a(j) be the third derivative of j**6/120 - j**5/20 + j**4/8 - 19*j**3/3 - 448*j**2 + 1. Let p be (-94)/(-14) - (-4)/14. What is the hundreds digit of a(p)?
1
Suppose 4*u - 5*p = 120894, 4*u - 27*p - 120888 = -23*p. What is the thousands digit of u?
0
Suppose 26703 = 4*s - 3347 - 12534. What is the thousands digit of s?
0
Let g(l) = -31*l + 1640. What is the hundreds digit of g(-27)?
4
Suppose 11*q + 30 = q. Let i be -8*q/(-12)*4. Let k = i + 26. What is the units digit of k?
8
Let d = 420 + -423. What is the tens digit of d*(-24)/(-54)*10548/(-8)?
5
Let y be (-838)/((-18)/4 - -4). Let q = y - 1173. What is the tens digit of q?
0
Let t(i) = 5*i + 70. Suppose -2*o + 3*z + 12 = 0, -28 = -o - 2*o + 2*z. What is the units digit of t(o)?
0
Let c = -714 - -1272. Suppose c = -5*h + 8*h. What is the hundreds digit of h?
1
What is the tens digit of (15/(24/(-8)))/(-5) - (-1 - 4155)?
5
Let c = 1545 - 1293. Let s be (1 + 0)/(2/718). Let k = s - c. What is the hundreds digit of k?
1
Let r(a) be the third derivative of 0*a - 1/2*a**3 - 2/3*a**4 + 0 + a**2. What is the tens digit of r(-4)?
6
Suppose 2*l = -l + 2*y - 58, -5*l - 4*y = 82. What is the units digit of l/(-99) - ((-1809)/33 - -1)?
4
Let k = 43 + -39. Suppose -3*v + 5*b = 106, k*b - 2*b + 50 = -v. What is the units digit of 26/5 - (v/15 + 3)?
5
Let m = -40 - -52. Let u be 161 + ((-4)/m)/((-2)/(-6)). What is the tens digit of u/12*30/4?
0
Let f be -1 + (1 - 15/(-5)). Suppose 0 = 4*r - 2*y - 323 - 37, y = -f*r + 270. What is the tens digit of r?
9
Let w = 8 - 1. Let q(i) = -3*i + 21. Let f be q(w). Suppose f = -2*m + 450 - 170. What is the hundreds digit of m?
1
Suppose 41*n = 3